b(d) = -3*d**2 - 5 + 15 - 19*d + 6*d**2. What are the prime factors of b(a)?
2, 5
Suppose -5*h = -4*z, 0 = 3*h + z + 3*z. Suppose d - 2*k - 248 = 29, -4*d - 3*k + 1053 = h. List the prime factors of d.
3, 89
Suppose -6*k = -9*k. Suppose 4*v - 60 - 76 = k. Let j = -14 + v. What are the prime factors of j?
2, 5
Let c(l) = 119*l - 61. List the prime factors of c(80).
3, 1051
Let o(z) = z**3 + z**2 + 2*z - 4. Let k be o(0). Let i be 62 + 1 + k + 0. Let p = i + -32. What are the prime factors of p?
3
Let i = 16082 + -6473. What are the prime factors of i?
3, 3203
Suppose -5*j - 5*z + 590 = 0, 2*j + j = -z + 358. Let o = j - 76. Let i = o + -35. List the prime factors of i.
3
Let s(c) = c**3 + 7 + 10*c**2 - 2*c + 7 + 6 + 7. Let x be s(-11). Let f = x - -169. List the prime factors of f.
97
Suppose 2*y + 5 = -3*d, 0 = -y - 2*d + 6 - 10. Suppose -4*g - 5*a + 2219 = 0, 14*a = -y*g + 11*a + 1107. What are the prime factors of g?
3, 11, 17
Suppose -2*y + 2344 = 3*m, 2862 + 2998 = 5*y + 4*m. What are the prime factors of y?
2, 293
Suppose -101*h = -151*h + 246050. List the prime factors of h.
7, 19, 37
Let j(l) = 4*l**2 + 7*l - 80. Let w be 1/((4/(-26))/2). List the prime factors of j(w).
5, 101
Suppose -111 = 25*i - 22*i. Let u be 3*-67*(-4 - -5). Let w = i - u. List the prime factors of w.
2, 41
Let n(i) = -23*i**3 + 3*i**2 - 7*i + 1. List the prime factors of n(-4).
1549
Let k be 4 + (-90)/21 - 4/(-14). Let t(o) = -o**3 - 2*o**2 + 220. List the prime factors of t(k).
2, 5, 11
Suppose 0 = 11*m - 10*m + 3. Let j be m/((-5)/(-20)*-1). Suppose 0 = 3*d - j, 0 = 3*v - 2*v + d - 24. List the prime factors of v.
2, 5
Let n(q) be the second derivative of q**4/12 - q**2 + 18*q. Let l be n(2). Suppose -l*t + 195 = -143. List the prime factors of t.
13
Let n = 50490 - 10325. List the prime factors of n.
5, 29, 277
Let z(k) = 20*k**3 + 3*k**2 - 11*k + 9. Let q be z(2). Suppose -11*l = -12*l + q. List the prime factors of l.
3, 53
Let o = 312 + -310. Suppose -3*i = o*r - 1131, 4*r - r - i - 1691 = 0. List the prime factors of r.
2, 3, 47
Let q(z) be the first derivative of -z**4/4 + z**3 + 9*z**2 + 9*z - 72. List the prime factors of q(-4).
7
Let a be ((-1)/(-2))/((-4996)/(-208) - 24). Suppose -4*v = 2 + 6, 0 = -2*t + 2*v + 30. Suppose -z + a = 2*o - 2*z, t = o + 2*z. What are the prime factors of o?
13
Let y be 206/(-5) + -19*(-96)/(-2280). Suppose 4*h + p = -0*h - 1161, 3*h + 869 = p. Let s = y - h. List the prime factors of s.
2, 31
List the prime factors of (-1)/(-7 - (0 - 100602/14372)).
2, 3593
Let v(h) = 439*h - 3. Let z be v(5). Let j = 3083 - z. What are the prime factors of j/(-18)*(-2 + 0)?
3, 11
List the prime factors of 4 + ((-2 - -5) + 39)*321.
2, 11, 613
Let z be (-62)/(-16) - (-54)/432. Let i be ((-4 - -4)/(-4))/2. Suppose i = -6*l + 3*l - z*o + 493, -306 = -2*l + 3*o. List the prime factors of l.
3, 53
Suppose -30746 = -10*w - 5*s + 161464, -5*w + 96087 = -2*s. List the prime factors of w.
19219
Suppose -3*h - 4768 + 74122 = -98658. What are the prime factors of h?
2, 3, 13, 359
Let u(h) = 126*h**3 - 2*h**2 - 2. Let q(m) = 252*m**3 - 4*m**2 - 5. Let i(g) = -2*q(g) + 5*u(g). What are the prime factors of i(1)?
2, 31
Let g be -3*37*2/3. Let r be (196/(-16) + 7)*24. Let h = g - r. What are the prime factors of h?
2, 13
Let m(q) be the first derivative of -q**4 + 2*q**3/3 - q**2/2 + 3*q - 19. Let y be m(-3). Let p = -63 + y. List the prime factors of p.
3, 23
Let h(w) be the second derivative of -22*w - 8*w**2 + 0 - 16/3*w**3. List the prime factors of h(-2).
2, 3
Suppose 3*d + 80739 = 543*t - 540*t, -5*t + 4*d = -134572. List the prime factors of t.
2, 5, 673
Suppose 0 = 134*d - 52*d - 58*d - 588120. List the prime factors of d.
5, 13, 29
Suppose 0 = r - 4 + 1. Let v = 45 - 41. Suppose -5*q = v*d - 197, r*d + 3 = -3. What are the prime factors of q?
41
Let r(p) be the third derivative of 0*p + 7/20*p**5 + 0 - 13*p**2 - 10/3*p**3 + 1/4*p**4. List the prime factors of r(3).
11, 17
Suppose 491*t = 453*t + 422332. What are the prime factors of t?
2, 5557
Let y = -636 + 193. Let z = 881 + y. List the prime factors of z.
2, 3, 73
Suppose 0*p - 12174 = -3*p. Suppose -3*c + p = c + 2*g, -c - g + 1013 = 0. Suppose 4*f + 4*f = c. List the prime factors of f.
127
Let c(m) = 3*m**2 - 9*m + 4. Let d be c(3). Suppose -3*t = 5*s - 2613, d*t - 3*s + 2619 = 7*t. What are the prime factors of t?
2, 3, 73
Let p = 12836 + -6628. List the prime factors of p.
2, 97
Suppose 0*j = -4*g - 2*j + 10, -16 = -g + 4*j. Suppose 0 = -g*n - 2*r + 404, 4*n + 3*r - 392 = 4*r. Let q = 139 - n. List the prime factors of q.
2, 5
Suppose 58*v = 55*v + 30. Suppose q = 2*m - 5, 4*q - 2*m + 0*m - v = 0. Suppose -q*f - 6*f = -330. List the prime factors of f.
2, 3, 5
Let n = -844 + 885. Suppose -n*f - 13949 = -54*f. List the prime factors of f.
29, 37
Let j(k) = -k - 16. Let o(s) = 17. Let i(z) = -6*j(z) - 7*o(z). Let m = -12 + 27. List the prime factors of i(m).
67
Let g = 22407 - 11915. What are the prime factors of g?
2, 43, 61
Let u(c) = -c - 16. Let z be u(-21). Suppose -3*f - z*k + 1414 = 0, -4*f - 3*k - 1422 = -7*f. What are the prime factors of f?
11, 43
Suppose 323*b - 322*b = 7041. List the prime factors of b.
3, 2347
Suppose 4*z = 4*a - z + 65, -4*a - 45 = -z. Let f be a/(-2) + (-262 - 5). What are the prime factors of 64/80 - f/10?
3
Let m be (-8 - (2 + -1))/3. Let a be ((-36)/8)/((-3)/8). What are the prime factors of (6/a + (m - -2))*-190?
5, 19
List the prime factors of ((-807)/30 + ((-144)/30)/(-12))*-614.
53, 307
Let s = -11376 + 25694. What are the prime factors of s?
2, 7159
Let h = -699 + -465. Let w = 2398 + h. What are the prime factors of w?
2, 617
Suppose 0 = -4*u - 5*q + 16974 + 47844, -3*u = 3*q - 48618. List the prime factors of u.
2, 3, 7, 193
Let q = 9006 + -3872. Suppose -77*f = -60*f - q. List the prime factors of f.
2, 151
Let i be 2*-2*3/(-6). Suppose h + 123 - 520 = 4*x, i*x - 1233 = -3*h. Suppose h - 1579 = -10*d. List the prime factors of d.
3, 13
Let k be (-18)/(-12) - 3/(-2). Let v(y) = 33 + 3*y**3 - 36 - 2*y**k + 27*y - 13*y**2. List the prime factors of v(11).
2, 13
Let x(v) = 128*v - 5914. What are the prime factors of x(74)?
2, 3, 593
Let x(c) = -2*c**3 - c**2 - c + 26682. List the prime factors of x(0).
2, 3, 4447
Suppose 4*x + x - 3*v = 41, 0 = 4*v - 12. Let t be 168/10 + 2/x. Suppose s - t - 108 = 0. List the prime factors of s.
5
Let m be 1/(0 + 1/(-1)). Suppose -3*q + 8 = 5*y, 4 = 2*y + q - 0*q. List the prime factors of (-5 - y/m) + 0 + 49.
2, 3
Let q(z) = 9*z**3 + 29*z**2 - 18*z - 15. What are the prime factors of q(15)?
3, 5, 2441
Let a = 514 - 511. Suppose i + 4*f = 152 + 148, -3*i + 864 = a*f. What are the prime factors of i?
2, 71
Let t be (-176)/22 - 52*-1. Suppose -t*k = -36*k - 1440. What are the prime factors of k?
2, 3, 5
Let t = 471 - 240. Suppose 61 = 2*u - 53. Suppose t = 2*a + u. List the prime factors of a.
3, 29
Let d(h) = 27*h**2 - 66*h + 739. What are the prime factors of d(21)?
2, 5, 563
Suppose 0 = -s + 2*n + 729 + 1867, 5183 = 2*s - n. Suppose i - 11*i + s = 0. What are the prime factors of i?
7, 37
Let d = -12422 - -24903. What are the prime factors of d?
7, 1783
Let b(u) = u + 44. Let p be b(-6). Let m = p - 55. Let c = m + 144. List the prime factors of c.
127
Let o = -102 - -83. Let i(t) = 2*t + 198. What are the prime factors of i(o)?
2, 5
Let t(k) = -4*k**3 - 21*k**2 - 147*k - 469. List the prime factors of t(-18).
18701
Let g(r) = 2*r**2 - 158*r - 182. What are the prime factors of g(-90)?
2, 13, 1163
What are the prime factors of (115/5)/(9/(8 + 4699))?
23, 523
Let m = 394 - 380. List the prime factors of -7*((-312)/(-65))/(m/(-250)).
2, 3, 5
Suppose 0 = 12*n - 41302 + 10870. Let g = n + -1255. List the prime factors of g.
3, 7, 61
Suppose 30 = 2*u - 0. Let x be ((-343)/21 - -5)/(2/(-15)). Suppose -20*r = -u*r - x. List the prime factors of r.
17
Suppose 0 = -16*p + 54 + 26. Suppose r - 5*c = -3, -c - p = -4*r + 2. Suppose r*y + 0*y - 468 = 0. What are the prime factors of y?
2, 3, 13
Let s(c) = -47*c - 10. Let w(r) = -r**3 - 4*r**2 + 4*r + 10. Let f be w(-4). What are the prime factors of s(f)?
2, 17
Let q(f) be the third derivative of 61*f**5/60 + f**4/4 + f**3 + 71*f**2. What are the prime factors of q(-1)?
61
